uppose 3*v + 0*v - 6 = 0. Let q = v + 3. What is the units digit of q?
5
What is the units digit of 6 - (5/10)/((-2)/(-12))?
3
Let n = 21 - 5. What is the units digit of n?
6
Suppose -1 + 0 = i. Let q be (i/1)/((-1)/5). Suppose -30 - 19 = -q*k - 3*x, -3*k = -4*x - 41. What is the units digit of k?
1
Suppose 0 = -5*q + 7*q - 80. What is the tens digit of q?
4
Let u(x) = -x + 13. What is the units digit of u(10)?
3
Let p(i) = -i**3 - 8*i**2 + 7. Let t be p(-8). Suppose t = 4*z - 3*z. What is the units digit of z?
7
Let r(f) = 7*f**2 + 3*f + 4. Let i = 2 - 4. What is the units digit of r(i)?
6
Let o = 4 + -7. What is the tens digit of 12/(7 + o) + 38?
4
Suppose 3*k - n = 420, 0 = k + k - 5*n - 280. What is the tens digit of (-1)/2 + k/8?
1
Suppose -2 = w - 5. Suppose w + 1 = i. Suppose i*q + h - 28 = 3*h, 0 = -4*q + 5*h + 28. What is the units digit of q?
7
Let k(m) = 2*m**2 - 7*m + 5. Let x(p) = 4*p**2 - 14*p + 9. Let c(o) = 7*k(o) - 3*x(o). What is the tens digit of c(5)?
2
Let d be (-8)/6*18/(-6). Suppose 2*j = 3*z - 0 - d, -2*z = -j - 4. What is the units digit of z?
4
Let z(n) = -31*n - 12. What is the units digit of z(-3)?
1
Let w = -6 - -6. Suppose a + 0*a - 18 = w. What is the units digit of a?
8
Let r be 14/4*(-3 - -11). Let o = -8 + r. Suppose m + 4*m = -3*n + 22, -o = -4*m - 3*n. What is the units digit of m?
2
What is the units digit of ((-2)/(-1) - -1) + -1?
2
Let m = 92 - 18. What is the units digit of m?
4
Let u(l) = l**2 + 6*l + 24. What is the hundreds digit of u(-17)?
2
Suppose -4*h - o = -h - 105, -3*o - 117 = -3*h. Let l(y) = -4*y + 2. Let k be l(6). Let i = h + k. What is the tens digit of i?
1
Let x(g) = 3*g**2 + 6*g - 5. What is the units digit of x(-5)?
0
Let p be (-4)/6 - 28/3. Let g = p - -25. What is the tens digit of g?
1
Let k(j) = -j**2 - j - 1. Let q(h) = h**3 - h**2 - 4*h - 2. Let b be 5/20 + (-13)/4. Let x(v) = b*k(v) + q(v). What is the units digit of x(-2)?
3
Suppose 3*c = -4*h + 1089, 0*h - 3*h + 1086 = 3*c. What is the units digit of c?
9
Let d = 4 + -3. Let h be (d*-2 + 2)/2. Suppose h*n = -n + 2. What is the units digit of n?
2
Let t be ((-3)/4)/((-1)/4). Let h(u) = -t - 1 + u - 3*u. What is the units digit of h(-3)?
2
Suppose -22 = -4*t - 6. Suppose -c - 34 = -3*u + u, 2*u - t*c - 46 = 0. What is the units digit of u?
5
Suppose d - 5 = -a, d = -2*d - 12. Suppose -a = -2*r + 3*x, 0 = 3*r - 2*x - x - 12. What is the units digit of r?
3
Let o(v) = 4*v**3 - 2*v**2 - 2*v + 1. What is the units digit of o(2)?
1
Let q be 4/(1 - 6/4). Let u = -4 - q. What is the units digit of u?
4
Let l = 69 - 36. What is the tens digit of l?
3
Let x be (3 - 7)*(-1)/2. Suppose 0 = 4*v - x*d + d - 115, 0 = -4*v - d + 117. What is the tens digit of v?
2
Let c = -11 + 7. Let y(h) = -h**3 - 3*h**2 + 2*h - 4. Let j be y(c). Suppose -4*a + j = -4. What is the units digit of a?
2
Let x(d) = d**3 - 3*d**2 + 4. What is the tens digit of x(6)?
1
Suppose -80 = 4*j - 4*q, 0 + 6 = 3*q. Let x be (-40)/j - (-4)/(-18). Suppose -4*t = 5*n - 88, 0 = x*t + t - 4*n - 35. What is the units digit of t?
7
Let t(j) = -2*j**2 - 11*j - 11. Let w(y) = -y**2 - 5*y - 5. Let i(v) = 4*t(v) - 9*w(v). What is the units digit of i(-2)?
3
Let b = 0 + 5. Suppose -2*c + 45 = b*a + c, -4*a = c - 43. What is the tens digit of a?
1
Let t(n) = n**2 - 10*n + 4. Let j be t(5). Let h be (-3)/(-9)*(0 - j). Suppose 0 = 4*k + h - 27. What is the units digit of k?
5
Let h be ((-6)/9)/(2/(-12)). Suppose 4 = h*u - 44. Suppose 0 = 2*q + 5*f - u, -q - 2*q = -5*f - 18. What is the units digit of q?
6
Let r = 46 - 76. Let d = 42 + r. What is the units digit of d?
2
Suppose -135 = -2*o + 89. Suppose t + o = -5*a + 25, -4*a + t - 75 = 0. What is the units digit of (-2 - -1) + a/(-3)?
5
Let i(f) = -f**3 - 4*f**2 + 3*f + 2. Let n be i(-4). Let q = n + 6. Let b = q + 6. What is the units digit of b?
2
Suppose g - 111 - 7 = 0. What is the units digit of g?
8
Let d = 0 - -7. What is the units digit of d?
7
What is the units digit of 20 - 3/((-6)/(-2))?
9
Let n = 13 + -9. Suppose q + n*j - 1 = 0, 0*j = 3*j. What is the units digit of q?
1
Let r = 32 + -18. Suppose 5*u + 3*h - 37 = 0, 0 = -3*h + 12 - 0. Let n = u + r. What is the tens digit of n?
1
Let t be (-6)/((-1)/15*2). Let c = 93 - t. What is the units digit of 4/10 + c/30?
2
What is the units digit of 1/2 - (-242)/4?
1
Let v = 1 - -1. Suppose 5 = v*f + y, 2*f + y - 7 = 2*y. Suppose 1 = f*k - 8. What is the units digit of k?
3
Let o = 89 + -64. What is the units digit of o?
5
Let q = 18 - 13. Suppose 0*p - 5*p = -10, 81 = q*r + 3*p. Suppose z + 2*j - r = 0, -4*z - z - 5*j + 65 = 0. What is the units digit of z?
1
Suppose 0 = 3*l + 2*l + 2*v - 387, 3*l - 2*v = 245. What is the tens digit of l?
7
Suppose 0 = d + 2*f - 7, 2*d + f - 6 = 5. Suppose 4*j = d*a + 5 + 1, 4*a = 8. What is the units digit of j?
4
Let h be ((-20)/30)/(4/(-42)). Suppose h = 4*j - 5. What is the units digit of j?
3
Let q(y) = y**2 - 3*y - 2. Let x be q(4). Let m(h) = -h**2 - 3*h**2 - 1 + h + 6*h**x. What is the units digit of m(1)?
2
Suppose -16 + 6 = -2*c. Let m be (-1 - c)/(-3) - -2. Suppose m*l - 20 = -l. What is the units digit of l?
4
Let g = 4 + 92. What is the units digit of g?
6
Let i be 1/((-2)/72*-3). Suppose -4*j + i + 36 = 0. What is the tens digit of j?
1
Suppose 2*g + 10 = 4*g. Suppose 3*j = -1 - g. What is the units digit of (-2 - -10)/1 - j?
0
Suppose 4*z - 4*d = -0*d + 40, -5*d = -z - 6. What is the units digit of z?
4
Suppose f - 8 = 2*s, -5*s + s - 34 = -3*f. Suppose f = 3*x + 3. Suppose -x*c + 3*h = -39, -h - 2 = -2*h. What is the units digit of c?
9
Let j be (2 - 4)/2 + 0. Let a(c) = -2*c + 4. Let l be a(4). Let k = j - l. What is the units digit of k?
3
Suppose -6 - 3 = j + 4*n, 0 = 2*j + 5*n + 9. Suppose j*u + 1 = 7. Suppose u*p - 24 = -2*p. What is the units digit of p?
6
Let m(q) be the third derivative of -q**5/60 + q**3/2 - 3*q**2. Let x be m(0). Suppose x*c + 0*c = 9. What is the units digit of c?
3
Let b(w) = -w + 2. Let h be b(1). Suppose -2*s + 5*y = -0*s - h, 2*s - 28 = -4*y. Let m = -1 + s. What is the units digit of m?
7
Let x(q) = 8*q**2 + 2*q + 2. Let d be x(-2). Suppose 92 = 2*p + d. What is the units digit of p?
1
Let f(u) be the third derivative of -3*u**4/4 - u**3/6 - 2*u**2. What is the tens digit of f(-1)?
1
Let z(f) = -f**3 - 4*f**2 + 5. Let n be z(-4). Suppose n*v - 9 = 6. Suppose 13 + 14 = v*r. What is the units digit of r?
9
Let y(c) = c**3 - 2*c**2 - 4*c + 3. Let v be y(3). Suppose -5*p = 5*f - 15, -f + 2*p = -v*p + 6. What is the units digit of f + (-30)/(-3) - 2?
8
Suppose 4*y = -5*h + 2, -4 = 2*h + 4*y - 0. Suppose p + 3*q - 1 = -15, -8 = h*q. Let i = p - -8. What is the units digit of i?
6
Let w be -1 + (4/(-1))/2. Let r = -2 - -4. Let s = r - w. What is the units digit of s?
5
Let s(c) = 6*c - 3. Suppose x + 3*x - 28 = -5*i, -5*x = -5*i + 10. Let k be s(x). Let y = k - -2. What is the tens digit of y?
1
What is the units digit of 1*(-21)/(-6)*8?
8
Let v(z) = -78*z - 3. What is the tens digit of v(-1)?
7
Let u(g) = g**2 - 4*g + 4. Let c be u(4). Suppose v + 2 = c. Suppose v*m - 2*a = 18, 33 - 74 = -3*m - 4*a. What is the tens digit of m?
1
Suppose -5*z + 4*z + 4 = 0. Suppose -z*v = -o + 2*o - 75, 102 = 5*v + 4*o. What is the units digit of v?
8
Let d(y) = -3 - 2*y + y**2 + 1 + 6*y**2 - 3*y**2. Let l be 6/2 - (-3 - -4). What is the tens digit of d(l)?
1
Let s = 3 - -33. Suppose 4*t - s = 2*t. What is the tens digit of t?
1
Let y = -16 - -25. What is the units digit of y?
9
Suppose 9 = -2*p - p, l - 134 = -4*p. What is the tens digit of l?
4
Let j(i) = 3*i**2 + i + 5. What is the units digit of j(4)?
7
Let p(d) = -d**3 + 6*d**2 - d + 4. Let l be p(5). Suppose f - l = -k, -k = f + 3*f - 111. What is the units digit of f?
9
Let f = 7 + -3. Let k(t) = -5*t + 4*t**2 + 1 + 46*t**3 - 47*t**3 + 2*t**2. What is the units digit of k(f)?
3
Let z(b) = b**2 + b - 4. Let m be z(-3). What is the units digit of -24*((-8)/(-6) - m)?
6
Let t(v) = -v**3 + 6*v**2 + 6*v - 6. Let m be (-1)/((-2)/16) - 4. What is the tens digit of t(m)?
5
Suppose -145 = 8*j - 13*j. What is the tens digit of j?
2
Let i be (0/(-11))/(-3 - -1). Let p(r) = 2*r**3 - 6*r**2 + 3. Let d be p(4). Suppose -3*y - 2*y + d = i. What is the units digit of y?
7
Let s